{"id":118,"date":"2016-02-14T09:47:26","date_gmt":"2016-02-14T08:47:26","guid":{"rendered":"http:\/\/cadetfrancelibre.fr\/?page_id=118"},"modified":"2022-07-28T12:26:18","modified_gmt":"2022-07-28T11:26:18","slug":"plus","status":"publish","type":"page","link":"https:\/\/cadetfrancelibre.fr\/index.php\/plus\/","title":{"rendered":"Documents"},"content":{"rendered":"<h3>Pour en savoir plus sur les Cadets de la France Libre<\/h3>\n<p>On peut trouver sur le web des informations d\u00e9taill\u00e9es sur les sites de la France libre, de la Fondation Charles de Gaulle et sur les sites ds anciens SAS ou pour les compagnons de la lib\u00e9ration sur le site de la fondation de l&rsquo;ordre (<a href=\"https:\/\/cadetfrancelibre.fr\/index.php\/plus\/on-en-parle-sur-le-web\/\">liste<\/a>)<\/p>\n<p>On donne dans la page des lectures un certain nombres de r\u00e9f\u00e9rences auxquelles s&rsquo;ajoutera ult\u00e9rieurement un texte donnant des bibliographie comment\u00e9es. (<a href=\"https:\/\/cadetfrancelibre.fr\/index.php\/plus\/quelques-bonnes-lectures\/\" rel=\"noopener noreferrer\" target=\"_blank\">liste<\/a>)<\/p>\n<p>Il existe aussi quelques s\u00e9quences film\u00e9es dont certaines sont visibles sur YouTube<\/p>\n<p>enfin on a acc\u00e8s \u00e0 un certain nombre de textes t\u00e9l\u00e9chargeables (<a href=\"https:\/\/cadetfrancelibre.fr\/index.php\/plus\/tous-les-textes-ou-presque\/\" rel=\"noopener noreferrer\" target=\"_blank\">liste<\/a>)<\/p>\n<p><a href=\"https:\/\/cadetfrancelibre.fr\/index.php\/plus\/on-en-parle-sur-le-web\/\"><img loading=\"lazy\" decoding=\"async\" class=\"alignright wp-image-1393 size-full\" src=\"https:\/\/cadetfrancelibre.fr\/wp-content\/uploads\/2019\/01\/lien_page.jpg\" alt=\"lien_page\" width=\"98\" height=\"54\"><\/a><\/p>\n","protected":false},"excerpt":{"rendered":"<p>Pour en savoir plus sur les Cadets de la France Libre On peut trouver sur le web des informations d\u00e9taill\u00e9es sur les sites de la France libre, de la Fondation Charles de Gaulle et sur les sites ds anciens SAS &hellip; <a href=\"https:\/\/cadetfrancelibre.fr\/index.php\/plus\/\">Continuer la lecture <span class=\"meta-nav\">&rarr;<\/span><\/a><\/p>\n","protected":false},"author":1,"featured_media":0,"parent":0,"menu_order":9,"comment_status":"closed","ping_status":"closed","template":"","meta":{"footnotes":""},"class_list":["post-118","page","type-page","status-publish","hentry"],"_links":{"self":[{"href":"https:\/\/cadetfrancelibre.fr\/index.php\/wp-json\/wp\/v2\/pages\/118","targetHints":{"allow":["GET"]}}],"collection":[{"href":"https:\/\/cadetfrancelibre.fr\/index.php\/wp-json\/wp\/v2\/pages"}],"about":[{"href":"https:\/\/cadetfrancelibre.fr\/index.php\/wp-json\/wp\/v2\/types\/page"}],"author":[{"embeddable":true,"href":"https:\/\/cadetfrancelibre.fr\/index.php\/wp-json\/wp\/v2\/users\/1"}],"replies":[{"embeddable":true,"href":"https:\/\/cadetfrancelibre.fr\/index.php\/wp-json\/wp\/v2\/comments?post=118"}],"version-history":[{"count":14,"href":"https:\/\/cadetfrancelibre.fr\/index.php\/wp-json\/wp\/v2\/pages\/118\/revisions"}],"predecessor-version":[{"id":2680,"href":"https:\/\/cadetfrancelibre.fr\/index.php\/wp-json\/wp\/v2\/pages\/118\/revisions\/2680"}],"wp:attachment":[{"href":"https:\/\/cadetfrancelibre.fr\/index.php\/wp-json\/wp\/v2\/media?parent=118"}],"curies":[{"name":"wp","href":"https:\/\/api.w.org\/{rel}","templated":true}]}}