{"id":209,"date":"2016-03-09T21:00:37","date_gmt":"2016-03-09T20:00:37","guid":{"rendered":"http:\/\/cadetfrancelibre.fr\/?page_id=209"},"modified":"2019-06-02T17:11:10","modified_gmt":"2019-06-02T16:11:10","slug":"la-promo-liberation-juin-1942","status":"publish","type":"page","link":"https:\/\/cadetfrancelibre.fr\/index.php\/formation\/la-promo-liberation-juin-1942\/","title":{"rendered":"La promo Lib\u00e9ration Juin 1942"},"content":{"rendered":"<map name=\"mapromolib\">\n<area alt=\"LAVOIX\" coords=\"652,97,10\" shape=\"circle\" href=\"http:\/\/www.francaislibres.net\/liste\/fiche.php?index=58136\" \/>\n<area alt=\"Pierrepont\" coords=\"574,92,10\" shape=\"circle\" \/> <\/map>\n<p><img loading=\"lazy\" decoding=\"async\" class=\"alignleft size-full wp-image-211\" src=\"https:\/\/cadetfrancelibre.fr\/wp-content\/uploads\/2016\/03\/ASCFL_PROMO_Lib\u00e9ration.jpg\" alt=\"ASCFL_PROMO_Lib\u00e9ration\" usemap=\"#mapromolib\" width=\"852\" height=\"572\" srcset=\"https:\/\/cadetfrancelibre.fr\/wp-content\/uploads\/2016\/03\/ASCFL_PROMO_Lib\u00e9ration.jpg 852w, https:\/\/cadetfrancelibre.fr\/wp-content\/uploads\/2016\/03\/ASCFL_PROMO_Lib\u00e9ration-300x201.jpg 300w, https:\/\/cadetfrancelibre.fr\/wp-content\/uploads\/2016\/03\/ASCFL_PROMO_Lib\u00e9ration-768x516.jpg 768w\" sizes=\"auto, (max-width: 852px) 100vw, 852px\" \/><\/p>\n<p>La premi\u00e8re promotion est baptis\u00e9e Lib\u00e9ration, espoir et but des nouveaux officiers.<br \/>\nElle compte 15 aspirants<\/p>\n<p>On reconnait sur la photo les aspirants promus dont le nom est soulign\u00e9<br \/>\n<strong>au premier rang:<\/strong><br \/>\n<span style=\"text-decoration: underline;\">M\u00e9chin<\/span>, <span style=\"text-decoration: underline;\">Taravel<\/span>, Sergent Fox, <span style=\"text-decoration: underline;\">F\u00e8vre<\/span>, Capitaine La Jonci\u00e8re, Andr\u00e9 Beaudouin commandant l&rsquo;\u00e9cole, Lieutenant de Cabrol, adjudant Fauvel, sergent chef Lehrman, <span style=\"text-decoration: underline;\">Le Roux<\/span>, <span style=\"text-decoration: underline;\">Seit\u00e9<\/span><br \/>\n<strong>Au deuxi\u00e8me rang:<\/strong><br \/>\n<span style=\"text-decoration: underline;\">Lespagnol<\/span>, <span style=\"text-decoration: underline;\">Mulsant<\/span>, <span style=\"text-decoration: underline;\">Pell\u00e9<\/span>, <span style=\"text-decoration: underline;\">Duch\u00eane<\/span>, <span style=\"text-decoration: underline;\">Briand<\/span>, <span style=\"text-decoration: underline;\">Carville<\/span>, <span style=\"text-decoration: underline;\">La M\u00e9nardi\u00e8re<\/span>, <span style=\"text-decoration: underline;\">Casalis<\/span>, <span style=\"text-decoration: underline;\">Laurent<\/span>, <span style=\"text-decoration: underline;\">Duluat <\/span><br \/>\n<strong>Au troisi\u00e8me rang:<\/strong><br \/>\nAliot, C.Richard, J\u00e9anne, Quentel, Lemarinel, Bouguen, Allain, Lancien, Taburet, Blanchard<br \/>\n<strong>au quatri\u00e8me rang:<\/strong><br \/>\nBoulanger, Henry, Brault, Wrenacre, Lef\u00e8bvre, Chevrier, Desmaisons, Lef\u00e8vre,Ligavant, G.Richard, Herbout, Vaschalde<br \/>\n<strong>Au cinqui\u00e8me rang:<\/strong><br \/>\nBillard,Cachera, Chuquet, Sch\u00fcrer, Taylor, Pierrepont, Lavoix<\/p>\n<p>Parmi les 15 aspirants de cette promotion,\u00a08 sont morts pour la France:<br \/>\nBriand, Duch\u00eane, F\u00e8vre, Carville, Le Roux, Lespagnol, Seit\u00e9, Taravel<\/p>\n<p><a href=\"http:\/\/www.ordredelaliberation.fr\/fr\/les-compagnons\/337\/jean-fevre\" target=\"_blank\">F\u00e8vre<\/a> et <a href=\"http:\/\/www.ordredelaliberation.fr\/fr\/les-compagnons\/897\/francois-seite\" target=\"_blank\">Seit\u00e9<\/a> ont \u00e9t\u00e9 nomm\u00e9s Compagnons de la Lib\u00e9ration<\/p>\n<h3>Les fiches de la liste des la Fran\u00e7ais libre: des liens pour en savoir plus<\/h3>\n<p><a href=\"http:\/\/www.francaislibres.net\/liste\/fiche.php?index=77243\" target=\"_blank\">De la MENARDIERE <\/a> &#8211; <a href=\"http:\/\/www.francaislibres.net\/liste\/fiche.php?index=58136\" target=\"_blank\">BRIAND<\/a> &#8211; <a href=\"http:\/\/www.francaislibres.net\/liste\/fiche.php?index=59698\" target=\"_blank\">CASALIS <\/a> &#8211; <a href=\"http:\/\/www.francaislibres.net\/liste\/fiche.php?index=66365\" target=\"_blank\">DUCHENE<\/a> &#8211; <a href=\"http:\/\/www.francaislibres.net\/liste\/fiche.php?index=66572\" target=\"_blank\">DULUAT<\/a> &#8211; <a href=\"http:\/\/www.francaislibres.net\/liste\/fiche.php?index=68461\" target=\"_blank\">F\u00c8VRE <\/a> &#8211; <a href=\"http:\/\/www.francaislibres.net\/liste\/fiche.php?index=70350\" target=\"_blank\">GAULTIER de CARVILLE<\/a> &#8211; <a href=\"http:\/\/www.francaislibres.net\/liste\/fiche.php?index=111374\" target=\"_blank\" rel=\"noopener\">LAURENT<\/a> &#8211; <a href=\"http:\/\/www.francaislibres.net\/liste\/fiche.php?index=79822\" target=\"_blank\">LEROUX<\/a> &#8211; <a href=\"http:\/\/www.francaislibres.net\/liste\/fiche.php?index=81221\" target=\"_blank\">LESPAGNOL<\/a> &#8211; <a href=\"http:\/\/www.francaislibres.net\/liste\/fiche.php?index=84647\" target=\"_blank\">MECHIN<\/a> &#8211; <a href=\"http:\/\/www.francaislibres.net\/liste\/fiche.php?index=87111\" target=\"_blank\">MULSANT<\/a> &#8211; <a href=\"http:\/\/www.francaislibres.net\/liste\/fiche.php?index=89842\" target=\"_blank\">PELL\u00c9<\/a> &#8211; <a href=\"http:\/\/www.francaislibres.net\/liste\/fiche.php?index=96028\" target=\"_blank\">SEIT\u00c9<\/a> &#8211; <a href=\"http:\/\/www.francaislibres.net\/liste\/fiche.php?index=97809\" target=\"_blank\">TARAVEL<\/a> &#8211;<\/p>\n<p><a href=\"https:\/\/cadetfrancelibre.fr\/index.php\/formation\/la-promo-bir-hakeim-decembre-1942\/\"><img loading=\"lazy\" decoding=\"async\" class=\"alignright wp-image-1393 size-full\" src=\"https:\/\/cadetfrancelibre.fr\/wp-content\/uploads\/2019\/01\/lien_page.jpg\" alt=\"lien_page\" width=\"98\" height=\"54\" \/><\/a><\/p>\n<p>L&rsquo;un des cadets \u00e9voque sa promotion dans le texte qui suit (<a href=\"https:\/\/cadetfrancelibre.fr\/wp-content\/uploads\/2019\/05\/ASCFL_WP150_Souvenirs_Promo_Liberation.pdf\" rel=\"noopener\" target=\"_blank\">texte<\/a>)<\/p>\n","protected":false},"excerpt":{"rendered":"<p>La premi\u00e8re promotion est baptis\u00e9e Lib\u00e9ration, espoir et but des nouveaux officiers. Elle compte 15 aspirants On reconnait sur la photo les aspirants promus dont le nom est soulign\u00e9 au premier rang: M\u00e9chin, Taravel, Sergent Fox, F\u00e8vre, Capitaine La Jonci\u00e8re, &hellip; <a href=\"https:\/\/cadetfrancelibre.fr\/index.php\/formation\/la-promo-liberation-juin-1942\/\">Continuer la lecture <span class=\"meta-nav\">&rarr;<\/span><\/a><\/p>\n","protected":false},"author":1,"featured_media":0,"parent":14,"menu_order":11,"comment_status":"closed","ping_status":"closed","template":"","meta":{"footnotes":""},"class_list":["post-209","page","type-page","status-publish","hentry"],"_links":{"self":[{"href":"https:\/\/cadetfrancelibre.fr\/index.php\/wp-json\/wp\/v2\/pages\/209","targetHints":{"allow":["GET"]}}],"collection":[{"href":"https:\/\/cadetfrancelibre.fr\/index.php\/wp-json\/wp\/v2\/pages"}],"about":[{"href":"https:\/\/cadetfrancelibre.fr\/index.php\/wp-json\/wp\/v2\/types\/page"}],"author":[{"embeddable":true,"href":"https:\/\/cadetfrancelibre.fr\/index.php\/wp-json\/wp\/v2\/users\/1"}],"replies":[{"embeddable":true,"href":"https:\/\/cadetfrancelibre.fr\/index.php\/wp-json\/wp\/v2\/comments?post=209"}],"version-history":[{"count":25,"href":"https:\/\/cadetfrancelibre.fr\/index.php\/wp-json\/wp\/v2\/pages\/209\/revisions"}],"predecessor-version":[{"id":1561,"href":"https:\/\/cadetfrancelibre.fr\/index.php\/wp-json\/wp\/v2\/pages\/209\/revisions\/1561"}],"up":[{"embeddable":true,"href":"https:\/\/cadetfrancelibre.fr\/index.php\/wp-json\/wp\/v2\/pages\/14"}],"wp:attachment":[{"href":"https:\/\/cadetfrancelibre.fr\/index.php\/wp-json\/wp\/v2\/media?parent=209"}],"curies":[{"name":"wp","href":"https:\/\/api.w.org\/{rel}","templated":true}]}}