{"id":236,"date":"2016-03-24T10:33:06","date_gmt":"2016-03-24T09:33:06","guid":{"rendered":"http:\/\/cadetfrancelibre.fr\/?page_id=236"},"modified":"2020-07-20T16:58:15","modified_gmt":"2020-07-20T15:58:15","slug":"la-promo-bir-hakeim-decembre-1942","status":"publish","type":"page","link":"https:\/\/cadetfrancelibre.fr\/index.php\/formation\/la-promo-bir-hakeim-decembre-1942\/","title":{"rendered":"La Promo Bir-Hakeim D\u00e9cembre 1942"},"content":{"rendered":"<div id=\"attachment_238\" style=\"width: 740px\" class=\"wp-caption alignnone\"><img loading=\"lazy\" decoding=\"async\" aria-describedby=\"caption-attachment-238\" class=\"wp-image-238 size-full\" src=\"https:\/\/cadetfrancelibre.fr\/wp-content\/uploads\/2016\/03\/ASCFL_PROMO_Bir-Hakeim2.jpg\" alt=\"Promotion Bir-Hakeim\" width=\"730\" height=\"514\" srcset=\"https:\/\/cadetfrancelibre.fr\/wp-content\/uploads\/2016\/03\/ASCFL_PROMO_Bir-Hakeim2.jpg 730w, https:\/\/cadetfrancelibre.fr\/wp-content\/uploads\/2016\/03\/ASCFL_PROMO_Bir-Hakeim2-300x211.jpg 300w\" sizes=\"auto, (max-width: 730px) 100vw, 730px\" \/><p id=\"caption-attachment-238\" class=\"wp-caption-text\">Promotion Bir-Hakeim<\/p><\/div>\n<p><strong>1er rang<\/strong> (les noms soulign\u00e9s sont ceux des \u00e9l\u00e8ves promus aspirants)<br \/>\n<span style=\"text-decoration: underline;\">Billard <\/span>&#8211; <span style=\"text-decoration: underline;\">Dreyfus <\/span>&#8211; Aspirant Fevre &#8211; Capitaine De la Jonci\u00e8re &#8211; Commandant Beaudouin &#8211; Lieutenant De Cabrol &#8211; Aspirant Taravel &#8211; Sergent chef Lehrmann &#8211; <span style=\"text-decoration: underline;\">Taylor<\/span><\/p>\n<p><strong>2\u00e8me rang<\/strong><br \/>\n<span style=\"text-decoration: underline;\">Lancien<\/span> &#8211;<span style=\"text-decoration: underline;\">Bloch <\/span>&#8211; <span style=\"text-decoration: underline;\">Ligavant<\/span> &#8211; <span style=\"text-decoration: underline;\">Blanchard<\/span> &#8211; <span style=\"text-decoration: underline;\">Taburet<\/span> &#8211; <span style=\"text-decoration: underline;\">Xoual<\/span> &#8211;\u00a0<span style=\"text-decoration: underline;\">Loeillet<\/span> &#8211; <span style=\"text-decoration: underline;\">Corta<\/span> &#8211; <span style=\"text-decoration: underline;\">Pierrepont<\/span> &#8211; <span style=\"text-decoration: underline;\">Wrenacre (<\/span>manquent <span style=\"text-decoration: underline;\">Alliot<\/span>, <span style=\"text-decoration: underline;\">Bouffartigue<\/span> et <span style=\"text-decoration: underline;\">Camors<\/span>)<\/p>\n<p><strong>3\u00e8me rang<\/strong>: les \u00e9l\u00e8ves officiers<br \/>\nCachera &#8211; X &#8211; Middleton &#8211; Hulot -Y- Lejeune &#8211; C.Richard &#8211; X &#8211; Wourc&rsquo;h<\/p>\n<p>Parmi les 16 aspirants, 5 sont morts durant les combats de la Lib\u00e9ration<\/p>\n<ul>\n<li>Jean-Claude <strong>Camors<\/strong><\/li>\n<li>Marcel <strong>Livagant<\/strong><\/li>\n<li>Guy <strong>Pierrepont<\/strong><\/li>\n<li>Alain <strong>Taburet<\/strong><\/li>\n<li>Georges <strong>Taylor<\/strong><\/li>\n<\/ul>\n<p>Joseph <strong>Blanchard<\/strong> est \u00e9galement Mort pour la France en 1960<br \/>\nRobin <strong>Wrenaecre<\/strong> est mort en service \u00e9galement en 1960<\/p>\n<p>Jean-Claude <strong><a href=\"http:\/\/www.ordredelaliberation.fr\/fr\/les-compagnons\/169\/jean-claude-camors\" target=\"_blank\" rel=\"noopener noreferrer\">CAMORS<\/a><\/strong> et Georges <strong><a href=\"http:\/\/www.ordredelaliberation.fr\/fr\/les-compagnons\/934\/georges-william-taylor\" target=\"_blank\" rel=\"noopener noreferrer\">TAYLOR<\/a><\/strong> ont \u00e9t\u00e9 nomm\u00e9s Compagnon de la Lib\u00e9ration<\/p>\n<p>R\u00e9my Dreyfus \u00e9voque ses <a href=\"https:\/\/cadetfrancelibre.fr\/wp-content\/uploads\/2020\/07\/ASCFL_WP178_Souvenirs_de_la_promotion_Bir_Hakeim.pdf\" target=\"_blank\" rel=\"noopener noreferrer\">souvenirs<\/a> de cette promotion<\/p>\n<h3>Les fiches de la Liste des Fran\u00e7ais Libres pour en savoir plus :<\/h3>\n<p><a href=\"http:\/\/www.francaislibres.net\/liste\/fiche.php?index=51131\" target=\"_blank\" rel=\"noopener noreferrer\">ALLIOT<\/a> &#8211; <a href=\"http:\/\/www.francaislibres.net\/liste\/fiche.php?index=55678\" target=\"_blank\" rel=\"noopener noreferrer\">BILLARD <\/a> &#8211; <a href=\"http:\/\/www.francaislibres.net\/liste\/fiche.php?index=55951\" target=\"_blank\" rel=\"noopener noreferrer\">BLANCHARD <\/a> &#8211; <a href=\"http:\/\/www.francaislibres.net\/liste\/fiche.php?index=56080\" target=\"_blank\" rel=\"noopener noreferrer\">BLOCH<\/a> &#8211; <a href=\"http:\/\/www.francaislibres.net\/liste\/fiche.php?index=57171\" target=\"_blank\" rel=\"noopener noreferrer\">BOUFFARTIGUE<\/a> &#8211; <a href=\"http:\/\/www.francaislibres.net\/liste\/fiche.php?index=8085\" target=\"_blank\" rel=\"noopener noreferrer\">CAMORS<\/a> &#8211; <a href=\"http:\/\/www.francaislibres.net\/liste\/fiche.php?index=62652\" target=\"_blank\" rel=\"noopener noreferrer\">COUTANT<\/a> &#8211; <a href=\"http:\/\/www.francaislibres.net\/liste\/fiche.php?index=66094\" target=\"_blank\" rel=\"noopener noreferrer\">DREYFUS<\/a> &#8211; <a href=\"http:\/\/www.francaislibres.net\/liste\/fiche.php?index=77978\" target=\"_blank\" rel=\"noopener noreferrer\">LANCIEN<\/a> &#8211; <a href=\"http:\/\/www.francaislibres.net\/liste\/fiche.php?index=81622\" target=\"_blank\" rel=\"noopener noreferrer\">LIVAGANT<\/a> &#8211; <a href=\"http:\/\/www.francaislibres.net\/liste\/fiche.php?index=81820\" target=\"_blank\" rel=\"noopener noreferrer\">LOEILLET<\/a> &#8211; <a href=\"http:\/\/www.francaislibres.net\/liste\/fiche.php?index=110000\" target=\"_blank\" rel=\"noopener noreferrer\">PIERREPONT<\/a> &#8211; <a href=\"http:\/\/www.francaislibres.net\/liste\/fiche.php?index=97533\" target=\"_blank\" rel=\"noopener noreferrer\">TABURET <\/a> &#8211; <a href=\"http:\/\/www.francaislibres.net\/liste\/fiche.php?index=97969\" target=\"_blank\" rel=\"noopener noreferrer\">TAYLOR <\/a> &#8211; <a href=\"http:\/\/www.francaislibres.net\/liste\/fiche.php?index=101681\" target=\"_blank\" rel=\"noopener noreferrer\">WRENACRE <\/a> &#8211; <a href=\"http:\/\/www.francaislibres.net\/liste\/fiche.php?index=101721\" target=\"_blank\" rel=\"noopener noreferrer\">XOUAL<\/a> &#8211;<\/p>\n<p><a href=\"https:\/\/cadetfrancelibre.fr\/index.php\/formation\/la-promotion-fezzan-tunisie\/\"><img loading=\"lazy\" decoding=\"async\" class=\"alignright wp-image-1393 size-full\" src=\"https:\/\/cadetfrancelibre.fr\/wp-content\/uploads\/2019\/01\/lien_page.jpg\" alt=\"lien_page\" width=\"98\" height=\"54\" \/><\/a><\/p>\n","protected":false},"excerpt":{"rendered":"<p>1er rang (les noms soulign\u00e9s sont ceux des \u00e9l\u00e8ves promus aspirants) Billard &#8211; Dreyfus &#8211; Aspirant Fevre &#8211; Capitaine De la Jonci\u00e8re &#8211; Commandant Beaudouin &#8211; Lieutenant De Cabrol &#8211; Aspirant Taravel &#8211; Sergent chef Lehrmann &#8211; Taylor 2\u00e8me rang &hellip; <a href=\"https:\/\/cadetfrancelibre.fr\/index.php\/formation\/la-promo-bir-hakeim-decembre-1942\/\">Continuer la lecture <span class=\"meta-nav\">&rarr;<\/span><\/a><\/p>\n","protected":false},"author":1,"featured_media":0,"parent":14,"menu_order":12,"comment_status":"closed","ping_status":"closed","template":"","meta":{"footnotes":""},"class_list":["post-236","page","type-page","status-publish","hentry"],"_links":{"self":[{"href":"https:\/\/cadetfrancelibre.fr\/index.php\/wp-json\/wp\/v2\/pages\/236","targetHints":{"allow":["GET"]}}],"collection":[{"href":"https:\/\/cadetfrancelibre.fr\/index.php\/wp-json\/wp\/v2\/pages"}],"about":[{"href":"https:\/\/cadetfrancelibre.fr\/index.php\/wp-json\/wp\/v2\/types\/page"}],"author":[{"embeddable":true,"href":"https:\/\/cadetfrancelibre.fr\/index.php\/wp-json\/wp\/v2\/users\/1"}],"replies":[{"embeddable":true,"href":"https:\/\/cadetfrancelibre.fr\/index.php\/wp-json\/wp\/v2\/comments?post=236"}],"version-history":[{"count":12,"href":"https:\/\/cadetfrancelibre.fr\/index.php\/wp-json\/wp\/v2\/pages\/236\/revisions"}],"predecessor-version":[{"id":2056,"href":"https:\/\/cadetfrancelibre.fr\/index.php\/wp-json\/wp\/v2\/pages\/236\/revisions\/2056"}],"up":[{"embeddable":true,"href":"https:\/\/cadetfrancelibre.fr\/index.php\/wp-json\/wp\/v2\/pages\/14"}],"wp:attachment":[{"href":"https:\/\/cadetfrancelibre.fr\/index.php\/wp-json\/wp\/v2\/media?parent=236"}],"curies":[{"name":"wp","href":"https:\/\/api.w.org\/{rel}","templated":true}]}}