{"id":2750,"date":"2022-10-17T16:33:39","date_gmt":"2022-10-17T15:33:39","guid":{"rendered":"http:\/\/cadetfrancelibre.fr\/?page_id=2750"},"modified":"2026-04-04T19:33:25","modified_gmt":"2026-04-04T18:33:25","slug":"les-lettres-trimestrielles","status":"publish","type":"page","link":"https:\/\/cadetfrancelibre.fr\/index.php\/plus\/les-lettres-trimestrielles\/","title":{"rendered":"Les lettres trimestrielles"},"content":{"rendered":"\n<p>Chaque trimestre, une nouvelle lettre vous informe sur la vie de l&rsquo;association<\/p>\n\n\n\n<p>D\u00e9j\u00e0 41 lettres publi\u00e9es<\/p>\n\n\n\n<p><strong>Les lettres trimestrielles<\/strong> :<\/p>\n\n\n\n<ul class=\"wp-block-list\">\n<li><strong>Avril 2026 &#8211; L42 -Le drapeau de l&rsquo;\u00e9cole &#8211; Les cadets n\u00e9s en 1926 &#8211; le Conseil d&rsquo;administration<\/strong> (<a href=\"https:\/\/cadetfrancelibre.fr\/wp-content\/uploads\/2026\/04\/ASCFL_260401_Lettre_trimestrielle-42A-Avril-2026.pdf\" target=\"_blank\" rel=\"noreferrer noopener\">t\u00e9l\u00e9charger)<\/a><\/li>\n\n\n\n<li><strong>anvier 2026 &#8211; L41 &#8211; Voeux &#8211; Bewdley et Malvern &#8211; M\u00e9daille de la R\u00e9sistance <\/strong>(<a href=\"https:\/\/cadetfrancelibre.fr\/wp-content\/uploads\/2026\/01\/ASCFL_260101_Lettre-41-Janvier-2026.pdf\">t\u00e9l\u00e9charger<\/a>)<\/li>\n\n\n\n<li><strong>Octobre 2025 &#8211; L40 &#8211; Le 13 septembre aux Invalides &#8211; Hommage \u00e0 Michel VAUTRIN <\/strong>(<a href=\"https:\/\/cadetfrancelibre.fr\/wp-content\/uploads\/2025\/10\/ASCFL_251001_Lettre-editoriale-40-Octobre-2025.pdf\" target=\"_blank\" rel=\"noreferrer noopener\">t\u00e9l\u00e9charger)<\/a><\/li>\n\n\n\n<li><strong>Juillet 2025 &#8211; L39 Les cadets \u00e0 Malvern c\u00e9l\u00e9brations pr\u00e9vues pour le 13 septembre<\/strong> (<a href=\"https:\/\/cadetfrancelibre.fr\/wp-content\/uploads\/2025\/07\/ASCFL_250701_-Lettre-editoriale-n\u00b0-39-Juillet-2025.pdf\" target=\"_blank\" rel=\"noreferrer noopener\">t\u00e9l\u00e9charger)<\/a><\/li>\n\n\n\n<li><strong>Avril 2025 &#8211; L38 Antoine Mayer, Conseil d&rsquo;administration, c\u00e9l\u00e9brations \u00e0 venir <\/strong>&#8230; <a href=\"https:\/\/cadetfrancelibre.fr\/wp-content\/uploads\/2025\/04\/ASCFL_250401_-lettre-editoriale-n\u00b0-38-avril-2025.pdf\" target=\"_blank\" rel=\"noreferrer noopener\">(t\u00e9l\u00e9chargez<\/a>)<\/li>\n\n\n\n<li><strong>Janvier 2025 -L37 Bonne ann\u00e9e 2025<\/strong> (<a href=\"https:\/\/cadetfrancelibre.fr\/wp-content\/uploads\/2025\/01\/ASCFL-lettre-editoriale-n\u00b037.doc-V2B.pdf\" target=\"_blank\" rel=\"noreferrer noopener\">t\u00e9l\u00e9chargez<\/a>)<\/li>\n\n\n\n<li><strong>Octobre 2024 &#8211; L36 Henri CORTA et conseil d&rsquo;administration du 11 octobre 2024<\/strong> <a href=\"https:\/\/cadetfrancelibre.fr\/wp-content\/uploads\/2024\/11\/ASCFL_241011_Lettre-editoriale-36-Octobre-2024.pdf\" target=\"_blank\" rel=\"noreferrer noopener\">(t\u00e9l\u00e9chargez<\/a>)<\/li>\n\n\n\n<li><strong>JUILLET 2024 &#8211; L35 -Comm\u00e9moration \u00e0 Co\u00ebtquidan &#8211; il y a 80 fermait l&rsquo;\u00e9cole des Cadets<\/strong> (<a href=\"https:\/\/cadetfrancelibre.fr\/wp-content\/uploads\/2024\/07\/ASCFL_240701-Lettre-editoriale-n\u00b0-35-Juillet-2024.pdf\" target=\"_blank\" rel=\"noreferrer noopener\">t\u00e9l\u00e9chargez<\/a>)<\/li>\n\n\n\n<li>A<strong>vril 2024 &#8211; L34 &#8211; L&rsquo;ASCFL \u00e0 BEWDLEY &#8211; Les Cadets n\u00e9s en 2024<\/strong> (<a href=\"https:\/\/cadetfrancelibre.fr\/wp-content\/uploads\/2024\/05\/ASCFL-240426_lettre-\u00e9ditoriale-n34-avril-2024.pdf\" target=\"_blank\" rel=\"noreferrer noopener\">t\u00e9l\u00e9chargez<\/a>)<\/li>\n\n\n\n<li><strong>Janvier 2024 &#8211; L33 -Bonne ann\u00e9e 2024 &#8211; Il y a 80 ans en juin, l&rsquo;\u00e9cole fermait \u00ab\u00a0Mission accomplie\u00a0\u00bb<\/strong> (<a href=\"https:\/\/cadetfrancelibre.fr\/wp-content\/uploads\/2024\/01\/ASCFL-lettre-n\u00b033-janvier-2024a.pdf\" target=\"_blank\" rel=\"noreferrer noopener\">t\u00e9l\u00e9chargez<\/a>)<\/li>\n\n\n\n<li><strong>Octobre 2023 &#8211; L32 &#8211; Le premier Cadet tomb\u00e9 pour la Lib\u00e9ration en octobre 1943<\/strong> <a href=\"https:\/\/cadetfrancelibre.fr\/wp-content\/uploads\/2023\/10\/ASCFL-lettre-\u00e9ditoriale-n\u00b032-octobre-2023_c-.pdf\" target=\"_blank\" rel=\"noreferrer noopener\">(t\u00e9l\u00e9chargez<\/a>)<\/li>\n\n\n\n<li><strong>Juillet 2023 &#8211; L31 &#8211; les \u00e9chos du conseil d&rsquo;administration du 9 juin 2023<\/strong> (<a href=\"https:\/\/cadetfrancelibre.fr\/wp-content\/uploads\/2023\/08\/ASCFL_230701_Lettre_\u00e9ditoriale_31_Juillet_2023.pdf\" target=\"_blank\" rel=\"noreferrer noopener\">t\u00e9l\u00e9chargez<\/a>)<\/li>\n\n\n\n<li><strong>Avril 2023 &#8211; L30 &#8211; Travaux en cours et prochaines actions<\/strong> (<a href=\"https:\/\/cadetfrancelibre.fr\/wp-content\/uploads\/2023\/04\/ASCFL_230401_Lettre-editoriale-30.pdf\" target=\"_blank\" rel=\"noreferrer noopener\">t\u00e9l\u00e9chargez<\/a>)<\/li>\n\n\n\n<li><strong>Janvier 2023 &#8211; L29 &#8211; Bonne ann\u00e9e 2023 &#8211; Bilan et perspectives<\/strong> (<a href=\"https:\/\/cadetfrancelibre.fr\/index.php\/2023\/01\/20\/la-lettre-editoriale-de-janvier-2023-bonne-annee\/\" target=\"_blank\" rel=\"noreferrer noopener\">t\u00e9l\u00e9chargez<\/a>)<\/li>\n\n\n\n<li><strong>Octobre 2022 &#8211; L28 &#8211; Trois comm\u00e9morations Fort-Mahon-Verneuil &#8211; Bewdley<\/strong> <a href=\"http:\/\/ASCFL_221010_Lettre_\u00e9ditoriale 28 octobre_2022_dif\" target=\"_blank\" rel=\"noreferrer noopener\">(T\u00e9l\u00e9chargez<\/a>)<\/li>\n\n\n\n<li><strong>Juillet 2022 &#8211; L27 &#8211; L&rsquo;\u00e9cole et la R\u00e9sistance &#8211; Les activit\u00e9s de l&rsquo;association<\/strong> (<a href=\"https:\/\/cadetfrancelibre.fr\/wp-content\/uploads\/2022\/07\/ASCFL220701_Lettre_%C3%A9ditoriale-27-de-Juillet_2022-CNRD.pdf\" target=\"_blank\" rel=\"noreferrer noopener\">t\u00e9l\u00e9chargez<\/a>)<\/li>\n\n\n\n<li><strong>Avril 2022 &#8211; L26 &#8211; <\/strong><strong>Evasions par l&rsquo;Espagne<\/strong> <a href=\"https:\/\/cadetfrancelibre.fr\/wp-content\/uploads\/2022\/04\/ASCFL_220401-lettre-%C3%A9ditoriale-n%C2%B0-26-Avril-2022.pdf\" target=\"_blank\" rel=\"noreferrer noopener\">t\u00e9l\u00e9chargez<\/a><\/li>\n\n\n\n<li><strong>Janvier 2022 &#8211; L25 &#8211; Nouveaux horizons<\/strong> <a href=\"https:\/\/cadetfrancelibre.fr\/wp-content\/uploads\/2022\/01\/ASCFL_220105_Lettre-%C3%A9ditoriale-25-Nouvel-horizon1-et-2.pdf\" target=\"_blank\" rel=\"noreferrer noopener\">t\u00e9l\u00e9chargez<\/a><\/li>\n\n\n\n<li><strong>Octobre 2021 &#8211; L24 &#8211; Sp\u00e9cial_80\u00e8me anniversaire de la remise du fanion<\/strong> <a href=\"https:\/\/cadetfrancelibre.fr\/wp-content\/uploads\/2022\/01\/ASCFL_211001_Sp%C3%A9cial_80e-anniversaire_de_la_remise_du_fanion.pdf\" target=\"_blank\" rel=\"noreferrer noopener\">t\u00e9l\u00e9chargez<\/a><\/li>\n\n\n\n<li><strong>Juillet 2021 &#8211; L23 &#8211; 80\u00e8me anniversaire de la remise du fanion<\/strong> <a href=\"https:\/\/cadetfrancelibre.fr\/wp-content\/uploads\/2021\/09\/ASCFL_210701WEB_lettre-%C3%A9ditoriale-23-Juillet-2021-sp%C3%A9cial-80e-anniversaire.pdf\" target=\"_blank\" rel=\"noreferrer noopener\">t\u00e9l\u00e9chargez<\/a><\/li>\n\n\n\n<li><strong>Avril 2021 &#8211; L22 &#8211; Incertitudes et esp\u00e9rance<\/strong> <a href=\"https:\/\/cadetfrancelibre.fr\/wp-content\/uploads\/2021\/04\/ASCFL_210401W_-lettre-%C3%A9ditoriale-22-avril-2021.pdf\" target=\"_blank\" rel=\"noreferrer noopener\">t\u00e9l\u00e9chargez<\/a><\/li>\n\n\n\n<li><strong>Janvier 2021 &#8211; L21 &#8211; Du t\u00e9moignage au souvenir<\/strong> <a href=\"https:\/\/cadetfrancelibre.fr\/wp-content\/uploads\/2021\/01\/ASCFL_210101_-lettre-trimestrielle-21-janvier-2021.pdf\" target=\"_blank\" rel=\"noreferrer noopener\">t\u00e9l\u00e9chargez<\/a><\/li>\n\n\n\n<li><strong>Octobre 2020 &#8211; 80 ans de fid\u00e9lit\u00e9 &#8211; Les Cadets et le Royaume-Uni&nbsp;<\/strong><a href=\"https:\/\/cadetfrancelibre.fr\/wp-content\/uploads\/2020\/10\/ASCFL_201001_Lettre-trimestrielle-20-Octobre-2020.pdf\" target=\"_blank\" rel=\"noreferrer noopener\">t\u00e9l\u00e9chargez<\/a><\/li>\n\n\n\n<li><strong>Juillet 2020 &#8211; Sortie de confinement<\/strong> <a href=\"https:\/\/cadetfrancelibre.fr\/wp-content\/uploads\/2020\/07\/ASCFL_200701_Lettre-trimestrielle-19-Juillet-2020.pdf\" target=\"_blank\" rel=\"noreferrer noopener\">t\u00e9l\u00e9chargez<\/a><\/li>\n\n\n\n<li><strong>Avril 2020 &#8211; Une lettre exceptionnelle<\/strong> <a href=\"https:\/\/cadetfrancelibre.fr\/wp-content\/uploads\/2020\/04\/ASCFL_200401_Lettre-trimestrielle-18-Avril-20120.pdf\" target=\"_blank\" rel=\"noreferrer noopener\">t\u00e9l\u00e9chargez<\/a><\/li>\n\n\n\n<li><strong>Janvier 2020 &#8211; Bilan 2019 et projets 2020<\/strong> <a href=\"https:\/\/cadetfrancelibre.fr\/wp-content\/uploads\/2020\/01\/ASCFL_200101_Lettre-trimestrielle-17-Janvier-2020.pdf\" target=\"_blank\" rel=\"noreferrer noopener\">t\u00e9l\u00e9chargez<\/a><\/li>\n\n\n\n<li><strong>Octobre 2019 &#8211; Les cadets en Provence<\/strong> <a href=\"https:\/\/cadetfrancelibre.fr\/wp-content\/uploads\/2019\/10\/ASCFL_191001_Lettre_16_Les-cadets-en-Provence-1.pdf\" target=\"_blank\" rel=\"noreferrer noopener\">t\u00e9l\u00e9chargez<\/a><\/li>\n\n\n\n<li><strong>Juillet 2019 &#8211; Les cadets dans la bataille de Normandie<\/strong> <a href=\"https:\/\/cadetfrancelibre.fr\/wp-content\/uploads\/2019\/07\/ASCFL_190701_LT15b.pdf\" target=\"_blank\" rel=\"noreferrer noopener\">t\u00e9l\u00e9chargez<\/a><\/li>\n\n\n\n<li><strong>Avril 2019 &#8211; Les Cadets et la recherche historique<\/strong> <a href=\"https:\/\/cadetfrancelibre.fr\/wp-content\/uploads\/2019\/04\/ASCFL_190401_Lettre-%C3%A9ditoriale-14-Avril-2019.pdf\" target=\"_blank\" rel=\"noreferrer noopener\">t\u00e9l\u00e9chargez<\/a><\/li>\n\n\n\n<li><strong>Janvier 2019 &#8211; Nos projets pour 2019<\/strong> <a href=\"https:\/\/cadetfrancelibre.fr\/wp-content\/uploads\/2019\/01\/ASCFL_190101_Lettre-%C3%A9ditoriale-13_-Janvier-2019.pdf\" target=\"_blank\" rel=\"noreferrer noopener\">t\u00e9l\u00e9chargez<\/a><\/li>\n\n\n\n<li><strong>Octobre 2018 &#8211; Les Cadets dans les pas de la 2e DB <\/strong><a href=\"https:\/\/cadetfrancelibre.fr\/wp-content\/uploads\/2018\/10\/ASCFL_181001-lettre-trimestrielle-n%C2%B012-Octobre-2018et-Madone.pdf\" target=\"_blank\" rel=\"noreferrer noopener\">t\u00e9l\u00e9chargez<\/a><\/li>\n\n\n\n<li><strong>Juillet 2018 &#8211; Point d&rsquo;\u00e9tape sur l&rsquo;Association<\/strong> <a href=\"https:\/\/cadetfrancelibre.fr\/wp-content\/uploads\/2018\/07\/ASCFL_180701_Lettre11Web.pdf\" target=\"_blank\" rel=\"noreferrer noopener\">t\u00e9l\u00e9chargez<\/a><\/li>\n\n\n\n<li><strong>Avril 2018 &#8211; Les officiers instructeurs de l&rsquo;Ecole des Cadets <\/strong><a href=\"https:\/\/cadetfrancelibre.fr\/wp-content\/uploads\/2018\/04\/ASCFL_180401_Lettre-trimestrielle-10-avril-2018.pdf\" target=\"_blank\" rel=\"noreferrer noopener\">t\u00e9l\u00e9chargez<\/a><\/li>\n\n\n\n<li><strong>Janvier 2018 &#8211; 3 ans de l&rsquo;association &#8211; et les Cadets du BCRA <\/strong><a href=\"https:\/\/cadetfrancelibre.fr\/wp-content\/uploads\/2018\/01\/ASCFL-lettre-%C3%A9ditoriale-janvier-2018.pdf\" target=\"_blank\" rel=\"noreferrer noopener\">t\u00e9l\u00e9chargez<\/a><\/li>\n\n\n\n<li><strong>Octobre 2017 &#8211; Les Cadets Compagnons de la Lib\u00e9ration<\/strong> <a href=\"https:\/\/cadetfrancelibre.fr\/wp-content\/uploads\/2017\/11\/ASCFL_171001_Lettre_08A.pdf\" target=\"_blank\" rel=\"noreferrer noopener\">T\u00e9l\u00e9chargez<\/a><\/li>\n\n\n\n<li><strong>Juillet 2017 &#8211; 5 Cadets en Cor\u00e9e <\/strong><a href=\"https:\/\/cadetfrancelibre.fr\/wp-content\/uploads\/2017\/07\/ASCFL_170701a_lettre-trimestrielle-n%C2%B07.pdf\" target=\"_blank\" rel=\"noreferrer noopener\">T\u00e9l\u00e9chargez<\/a><\/li>\n\n\n\n<li><strong>Avril 2017 A la rencontre des promotions de SAINT-CYR <\/strong><a href=\"https:\/\/cadetfrancelibre.fr\/wp-content\/uploads\/2017\/04\/ASCFL_170401_lettre06W.pdf\" target=\"_blank\" rel=\"noreferrer noopener\">T\u00e9l\u00e9chargez<\/a><\/li>\n\n\n\n<li><strong>Janvier 2017 &#8211; Agir dans la dur\u00e9e<\/strong> <a href=\"https:\/\/cadetfrancelibre.fr\/wp-content\/uploads\/2017\/01\/ASCFL_170101_Lettre05W.pdf\" target=\"_blank\" rel=\"noreferrer noopener\">T\u00e9l\u00e9chargez<\/a><\/li>\n\n\n\n<li><strong>Octobre 2016 &#8211; Faire vivre les lieux de m\u00e9moire <\/strong><a href=\"https:\/\/cadetfrancelibre.fr\/wp-content\/uploads\/2016\/10\/ASCFL_161001_LETTRE_04W.pdf\" target=\"_blank\" rel=\"noreferrer noopener\">T\u00e9l\u00e9chargez<\/a><\/li>\n\n\n\n<li><strong>Juillet 2016 &#8211; Voyage en Angleterre <\/strong><a href=\"https:\/\/cadetfrancelibre.fr\/wp-content\/uploads\/2016\/10\/ASCFL_160629B_LETTRE_03W.pdf\" target=\"_blank\" rel=\"noreferrer noopener\">T\u00e9l\u00e9chargez<\/a><\/li>\n\n\n\n<li><strong>Avril 2016 &#8211; Devoir de m\u00e9moire<\/strong> <a href=\"https:\/\/cadetfrancelibre.fr\/wp-content\/uploads\/2016\/10\/ASCFL_160415_LETTRE_02W.pdf\" target=\"_blank\" rel=\"noreferrer noopener\">T\u00e9l\u00e9chargez<\/a><\/li>\n\n\n\n<li><strong>Janvier 2016 &#8211; Bilan 2015<\/strong> <a href=\"https:\/\/cadetfrancelibre.fr\/wp-content\/uploads\/2016\/10\/ASCFL_160104_LETTRE_01W.pdf\" target=\"_blank\" rel=\"noreferrer noopener\">T\u00e9l\u00e9chargez<\/a><\/li>\n<\/ul>\n","protected":false},"excerpt":{"rendered":"<p>Chaque trimestre, une nouvelle lettre vous informe sur la vie de l&rsquo;association D\u00e9j\u00e0 41 lettres publi\u00e9es Les lettres trimestrielles :<\/p>\n","protected":false},"author":1,"featured_media":0,"parent":118,"menu_order":97,"comment_status":"closed","ping_status":"closed","template":"","meta":{"footnotes":""},"class_list":["post-2750","page","type-page","status-publish","hentry"],"_links":{"self":[{"href":"https:\/\/cadetfrancelibre.fr\/index.php\/wp-json\/wp\/v2\/pages\/2750","targetHints":{"allow":["GET"]}}],"collection":[{"href":"https:\/\/cadetfrancelibre.fr\/index.php\/wp-json\/wp\/v2\/pages"}],"about":[{"href":"https:\/\/cadetfrancelibre.fr\/index.php\/wp-json\/wp\/v2\/types\/page"}],"author":[{"embeddable":true,"href":"https:\/\/cadetfrancelibre.fr\/index.php\/wp-json\/wp\/v2\/users\/1"}],"replies":[{"embeddable":true,"href":"https:\/\/cadetfrancelibre.fr\/index.php\/wp-json\/wp\/v2\/comments?post=2750"}],"version-history":[{"count":30,"href":"https:\/\/cadetfrancelibre.fr\/index.php\/wp-json\/wp\/v2\/pages\/2750\/revisions"}],"predecessor-version":[{"id":4001,"href":"https:\/\/cadetfrancelibre.fr\/index.php\/wp-json\/wp\/v2\/pages\/2750\/revisions\/4001"}],"up":[{"embeddable":true,"href":"https:\/\/cadetfrancelibre.fr\/index.php\/wp-json\/wp\/v2\/pages\/118"}],"wp:attachment":[{"href":"https:\/\/cadetfrancelibre.fr\/index.php\/wp-json\/wp\/v2\/media?parent=2750"}],"curies":[{"name":"wp","href":"https:\/\/api.w.org\/{rel}","templated":true}]}}