{"id":53,"date":"2016-02-10T09:09:41","date_gmt":"2016-02-10T08:09:41","guid":{"rendered":"http:\/\/cadetfrancelibre.fr\/?page_id=53"},"modified":"2024-01-03T22:43:38","modified_gmt":"2024-01-03T21:43:38","slug":"les-prisons-despagne","status":"publish","type":"page","link":"https:\/\/cadetfrancelibre.fr\/index.php\/levasion\/les-prisons-despagne\/","title":{"rendered":"Les prisons d&rsquo;Espagne"},"content":{"rendered":"<p>Il y en a une dans chaque ville bien s\u00fbr, mais quelque soit la premi\u00e8re, la derni\u00e8re est souvent celle de <a href=\"https:\/\/cadetfrancelibre.fr\/wp-content\/uploads\/2016\/05\/ASCFL_Espagne_Miranda.jpg\">Miranda<\/a>. (Voir <a href=\"https:\/\/cadetfrancelibre.fr\/wp-content\/uploads\/2016\/05\/ASCFL_Espagne_Prisons-1.pdf\" target=\"_blank\" rel=\"noopener noreferrer\">carte<\/a>)<br \/>\nQuelques r\u00e9cits racontent le p\u00e9riple espagnol des cadets de la France Libre qui sont pass\u00e9s par l&rsquo;Espagne.<br \/>\n<img loading=\"lazy\" decoding=\"async\" class=\"alignleft size-medium wp-image-594\" src=\"https:\/\/cadetfrancelibre.fr\/wp-content\/uploads\/2016\/05\/ASCFL_Espagne_Prisons-300x212.jpg\" alt=\"ASCFL_Espagne_Prisons\" width=\"300\" height=\"212\" srcset=\"https:\/\/cadetfrancelibre.fr\/wp-content\/uploads\/2016\/05\/ASCFL_Espagne_Prisons-300x212.jpg 300w, https:\/\/cadetfrancelibre.fr\/wp-content\/uploads\/2016\/05\/ASCFL_Espagne_Prisons-1024x724.jpg 1024w\" sizes=\"auto, (max-width: 300px) 100vw, 300px\" \/><br \/>\nOn trouvera ci apr\u00e8s un r\u00e9cit de Gilles ANSPACH (<a href=\"https:\/\/cadetfrancelibre.fr\/wp-content\/uploads\/2016\/02\/ASCFL_Evasion_Gilles_Anspach.pdf\" target=\"_blank\" rel=\"noopener noreferrer\">le r\u00e9cit)<\/a><br \/>\nLe trajet n&rsquo;est pas diff\u00e9rents de celui des autres Fran\u00e7ais Libres. Les futurs cadets ont le plus souvent moins de 18 ans lorsqu&rsquo;ils les subissent<br \/>\nUn po\u00e8me de Pierre DAC conserv\u00e9 par Jean-Claude CAMORS \u00e9voque un <a href=\"https:\/\/cadetfrancelibre.fr\/index.php\/2016\/02\/10\/noel-1941-dans-une-prison-de-barcelone\/\">no\u00ebl de 1941 <\/a>dans une prison de Barcelone.<\/p>\n<p>Au moins 78 des cadets sont pass\u00e9s par l&rsquo;Espagne. Un article de Serge Arvengas r\u00e9sume leur aventure (<a href=\"https:\/\/cadetfrancelibre.fr\/wp-content\/uploads\/2020\/05\/ASCFL_WP175b_Evasion_Espagne.pdf\" target=\"_blank\" rel=\"noopener noreferrer\">R\u00e9cit<\/a>).<\/p>\n<p>La liste qui suit est sans doute encore incompl\u00e8te. Certains ont \u00e9crits des r\u00e9cits:<\/p>\n<p>Jean-Louis\u00a0 ALIX, <a href=\"https:\/\/cadetfrancelibre.fr\/wp-content\/uploads\/2016\/02\/ASCFL_Evasion_Gilles_Anspach.pdf\" target=\"_blank\" rel=\"noopener noreferrer\">Gilles ANSPACH<\/a> , Michel D&rsquo;ARCANGUES, Michel Aron (Alias CARON), Raymond BANZET, Andr\u00e9 BERHEIM, Joachim BERTHIER, Charles BERTHON, Guy BLANC, Albert BLIN, Denis BLOCH, Enzo BONOPERA, Jean BOSC, Jean-Pierre BRAUN, Chatles BRIAULT, Jacques CHATENAY, Henri CHEVRIER, Claude CREMIEUX, Guy DESROUSSSEAUX, R\u00e9my DREYFUS, Jacques DULAC, Jean-Marcel DUPOUY, Roger ELMALEH, Marcel FAFA, Jean d&rsquo;ESCRIENNE, Marcel-Henri FAFA, Ralph FIRTH, Jean et Pierre FOLLIOT, Alain FRANCK, <a href=\"https:\/\/cadetfrancelibre.fr\/wp-content\/uploads\/2019\/05\/ASCFL_WP154_Evasion_Robert_GAITZ.pdf\" target=\"_blank\" rel=\"noopener noreferrer\">Robert GAITZ<\/a>, Ange GEILLON, Robert GESKIS, <a href=\"https:\/\/cadetfrancelibre.fr\/wp-content\/uploads\/2023\/04\/ASCFL_WP201_Journal-1943-1945-Louis-Gilbert-de-Gourville.pdf\" target=\"_blank\" rel=\"noopener noreferrer\">Louis de GOURVILLE<\/a>, Alix GOLENDORT, Claude GOMEZ-VAEZ, Carles HESSENBRUCH, L\u00e9opold HULOT, Raymond ILLOUZ, Harry KASSEL, Jacques KAUFMANN, Pierre LAVAL, Henry LAZAR, Jacques LEFEVRE, Pierre LEFRANC, Ren\u00e9 LEMOINE, Gilles LYON, Jean MARX, Antoine MAYER, Paul-Andr\u00e9 METZ, Jean-Gabriel MEYER, Georges MIDDLETON, Gabriel MORAND, Claude MORTIER, Jean-Pierre NOUVEAU, Olivier PHILIP, Boris PINSKY, G\u00e9rard RANVILLE, Pierre REMLINGER, Armand ROSENBERG, J\u00e9r\u00f4me SAINT-DENIS, Marc SAVIGNY, <a href=\"https:\/\/cadetfrancelibre.fr\/wp-content\/uploads\/2020\/02\/ASCFL_WP170_1940_Schiltz.pdf\" target=\"_blank\" rel=\"noopener noreferrer\">Alo\u00efse SCHILTZ<\/a>, Andr\u00e9 TENSORER, Bernard TERRIER, Raymond THALMANN, Samuel TUROVER,\u00a0 Claude VALLIER, Alexandre VEYSSIERES, Raymond VITTE, <a href=\"https:\/\/cadetfrancelibre.fr\/wp-content\/uploads\/2020\/04\/ASCFL_WP171_Evasion_VOELCKEL.pdf\" target=\"_blank\" rel=\"noopener noreferrer\">Charles VOELCKEL<\/a>, Jean et Pierre WAHL,\u00a0 Louis WEISS, Andr\u00e9 WEMAERE, <a href=\"https:\/\/cadetfrancelibre.fr\/wp-content\/uploads\/2020\/01\/ASCFL_WP168_Weyl_Philippe_Evasion.pdf\" target=\"_blank\" rel=\"noopener noreferrer\">Philippe WEYL<\/a>, Guy XOUAL, Paul ZUCKERMAN<\/p>\n<p><a href=\"https:\/\/cadetfrancelibre.fr\/index.php\/levasion\/les-cadets-venus-du-bout-du-monde\/\"><img loading=\"lazy\" decoding=\"async\" class=\"alignright wp-image-1393 size-full\" src=\"https:\/\/cadetfrancelibre.fr\/wp-content\/uploads\/2019\/01\/lien_page.jpg\" alt=\"lien_page\" width=\"98\" height=\"54\" \/><\/a><\/p>\n","protected":false},"excerpt":{"rendered":"<p>Il y en a une dans chaque ville bien s\u00fbr, mais quelque soit la premi\u00e8re, la derni\u00e8re est souvent celle de Miranda. (Voir carte) Quelques r\u00e9cits racontent le p\u00e9riple espagnol des cadets de la France Libre qui sont pass\u00e9s par &hellip; <a href=\"https:\/\/cadetfrancelibre.fr\/index.php\/levasion\/les-prisons-despagne\/\">Continuer la lecture <span class=\"meta-nav\">&rarr;<\/span><\/a><\/p>\n","protected":false},"author":1,"featured_media":0,"parent":12,"menu_order":2,"comment_status":"closed","ping_status":"closed","template":"","meta":{"footnotes":""},"class_list":["post-53","page","type-page","status-publish","hentry"],"_links":{"self":[{"href":"https:\/\/cadetfrancelibre.fr\/index.php\/wp-json\/wp\/v2\/pages\/53","targetHints":{"allow":["GET"]}}],"collection":[{"href":"https:\/\/cadetfrancelibre.fr\/index.php\/wp-json\/wp\/v2\/pages"}],"about":[{"href":"https:\/\/cadetfrancelibre.fr\/index.php\/wp-json\/wp\/v2\/types\/page"}],"author":[{"embeddable":true,"href":"https:\/\/cadetfrancelibre.fr\/index.php\/wp-json\/wp\/v2\/users\/1"}],"replies":[{"embeddable":true,"href":"https:\/\/cadetfrancelibre.fr\/index.php\/wp-json\/wp\/v2\/comments?post=53"}],"version-history":[{"count":28,"href":"https:\/\/cadetfrancelibre.fr\/index.php\/wp-json\/wp\/v2\/pages\/53\/revisions"}],"predecessor-version":[{"id":3156,"href":"https:\/\/cadetfrancelibre.fr\/index.php\/wp-json\/wp\/v2\/pages\/53\/revisions\/3156"}],"up":[{"embeddable":true,"href":"https:\/\/cadetfrancelibre.fr\/index.php\/wp-json\/wp\/v2\/pages\/12"}],"wp:attachment":[{"href":"https:\/\/cadetfrancelibre.fr\/index.php\/wp-json\/wp\/v2\/media?parent=53"}],"curies":[{"name":"wp","href":"https:\/\/api.w.org\/{rel}","templated":true}]}}