{"id":6,"date":"2016-01-29T12:06:40","date_gmt":"2016-01-29T11:06:40","guid":{"rendered":"http:\/\/cadetfrancelibre.fr\/?page_id=6"},"modified":"2020-09-14T09:17:19","modified_gmt":"2020-09-14T08:17:19","slug":"accueil","status":"publish","type":"page","link":"https:\/\/cadetfrancelibre.fr\/index.php\/accueil\/","title":{"rendered":"ASCFL"},"content":{"rendered":"<h2><strong>Bienvenue sur le site du Souvenir des Cadets de la France Libre<\/strong><\/h2>\n<h3><strong>Qui \u00e9taient ces Cadets?<\/strong><\/h3>\n<p>C&rsquo;\u00e9taient les \u00e9l\u00e8ves officiers form\u00e9s en Angleterre dans les ann\u00e9es 1941 \u00e0 1944.<br \/>Partis rejoindre l&rsquo;Angleterre pour lib\u00e9rer la France occup\u00e9e par les arm\u00e9es du r\u00e9gime Nazi, souvent \u00e2g\u00e9s de moins de 18 ans, ils ont ensuite particip\u00e9 aux combats de la Lib\u00e9ration.<br \/>Un quart d&rsquo;entre eux ont p\u00e9ri durant ces combats.<\/p>\n<h3><strong>Pourquoi ce site ?<\/strong><\/h3>\n<p>Leur exemple montre qu&rsquo;on peut choisir son destin \u00e0 tout \u00e2ge. Le site est destin\u00e9 \u00e0 faire conna\u00eetre leur histoire et mettre \u00e0 disposition de tous les t\u00e9moignages recueillis.<\/p>\n<h3><strong>Qui sommes nous?<\/strong><\/h3>\n<p><strong>L&rsquo;Association du Souvenir des Cadets de la France Libre<\/strong> recueille et publie les t\u00e9moignages de l&rsquo;histoire des Cadets. Elle s&rsquo;attache aussi \u00e0 faire partager les valeurs de d\u00e9vouement et de courage dont ils ont fait preuve.<\/p>\n<h3><strong>Rejoignez nous<\/strong><\/h3>\n<p>Si leurs exploits vous passionnent, si vous voulez participer aux recherches historiques ou les faires conna\u00eetre, vous pouvez adh\u00e9rer \u00e0 l&rsquo;association<br \/>(<a href=\"https:\/\/cadetfrancelibre.fr\/wp-content\/uploads\/2016\/05\/ASCFL02__ADHESION.pdf\" rel=\"\">Document d&rsquo;adh\u00e9sion<\/a>)<\/p>\n<h3><strong>Des questions ?<\/strong><\/h3>\n\n\n<p>Vous pouvez nous contacter \u00e0 l&rsquo;adresse mail <strong>cadet.ascfl@gmail.com<\/strong><\/p>\n","protected":false},"excerpt":{"rendered":"<p>Bienvenue sur le site du Souvenir des Cadets de la France Libre Qui \u00e9taient ces Cadets? C&rsquo;\u00e9taient les \u00e9l\u00e8ves officiers form\u00e9s en Angleterre dans les ann\u00e9es 1941 \u00e0 1944.Partis rejoindre l&rsquo;Angleterre pour lib\u00e9rer la France occup\u00e9e par les arm\u00e9es du &hellip; <a href=\"https:\/\/cadetfrancelibre.fr\/index.php\/accueil\/\">Continuer la lecture <span class=\"meta-nav\">&rarr;<\/span><\/a><\/p>\n","protected":false},"author":1,"featured_media":0,"parent":0,"menu_order":0,"comment_status":"closed","ping_status":"closed","template":"","meta":{"footnotes":""},"class_list":["post-6","page","type-page","status-publish","hentry"],"_links":{"self":[{"href":"https:\/\/cadetfrancelibre.fr\/index.php\/wp-json\/wp\/v2\/pages\/6","targetHints":{"allow":["GET"]}}],"collection":[{"href":"https:\/\/cadetfrancelibre.fr\/index.php\/wp-json\/wp\/v2\/pages"}],"about":[{"href":"https:\/\/cadetfrancelibre.fr\/index.php\/wp-json\/wp\/v2\/types\/page"}],"author":[{"embeddable":true,"href":"https:\/\/cadetfrancelibre.fr\/index.php\/wp-json\/wp\/v2\/users\/1"}],"replies":[{"embeddable":true,"href":"https:\/\/cadetfrancelibre.fr\/index.php\/wp-json\/wp\/v2\/comments?post=6"}],"version-history":[{"count":12,"href":"https:\/\/cadetfrancelibre.fr\/index.php\/wp-json\/wp\/v2\/pages\/6\/revisions"}],"predecessor-version":[{"id":2083,"href":"https:\/\/cadetfrancelibre.fr\/index.php\/wp-json\/wp\/v2\/pages\/6\/revisions\/2083"}],"wp:attachment":[{"href":"https:\/\/cadetfrancelibre.fr\/index.php\/wp-json\/wp\/v2\/media?parent=6"}],"curies":[{"name":"wp","href":"https:\/\/api.w.org\/{rel}","templated":true}]}}