{"id":809,"date":"2016-11-14T16:04:56","date_gmt":"2016-11-14T15:04:56","guid":{"rendered":"http:\/\/cadetfrancelibre.fr\/?page_id=809"},"modified":"2019-01-29T16:51:19","modified_gmt":"2019-01-29T15:51:19","slug":"luniforme-des-cadets","status":"publish","type":"page","link":"https:\/\/cadetfrancelibre.fr\/index.php\/formation\/luniforme-des-cadets\/","title":{"rendered":"L&rsquo;uniforme des Cadets"},"content":{"rendered":"<p>Lorsqu&rsquo;ils d\u00e9filent en Grande Bretagne, les Cadets portent l&rsquo;uniforme des Chasseurs Alpins avec la fourrag\u00e8re blanche qui caract\u00e9rise des \u00e9l\u00e8ves officiers chez les Britanniques.<\/p>\n<p><img loading=\"lazy\" decoding=\"async\" class=\"alignleft size-medium wp-image-811\" src=\"https:\/\/cadetfrancelibre.fr\/wp-content\/uploads\/2016\/11\/CADET_D\u00e9fil\u00e9_1943r-300x215.jpg\" alt=\"cadet_defile_1943r\" width=\"360\" height=\"258\" srcset=\"https:\/\/cadetfrancelibre.fr\/wp-content\/uploads\/2016\/11\/CADET_D\u00e9fil\u00e9_1943r-300x215.jpg 300w, https:\/\/cadetfrancelibre.fr\/wp-content\/uploads\/2016\/11\/CADET_D\u00e9fil\u00e9_1943r.jpg 822w\" sizes=\"auto, (max-width: 360px) 100vw, 360px\" \/> La photo ci-contre montre un d\u00e9fil\u00e9 \u00e0 Londres le 14 juillet 1943.<\/p>\n<p>Un\u00a0<a href=\"https:\/\/cadetfrancelibre.fr\/wp-content\/uploads\/2016\/11\/CADETS_Uniforme.pdf\" target=\"_blank\">dessin de\u00a0Albert BLIN<\/a>\u00a0 montre les d\u00e9tails de l&rsquo;uniforme. Ces uniformes provenaient du stock qui \u00e9tait destin\u00e9 aux troupes intervenant \u00e0 NARVIK.<\/p>\n<p>En dehors des d\u00e9fil\u00e9s, l&rsquo;uniforme est port\u00e9 pour les revues et pour les sorties officielles.<\/p>\n<p><img loading=\"lazy\" decoding=\"async\" class=\"alignleft size-medium wp-image-818\" src=\"https:\/\/cadetfrancelibre.fr\/wp-content\/uploads\/2016\/11\/CADET_Formation-300x214.jpg\" alt=\"cadet_formation\" width=\"360\" height=\"257\" srcset=\"https:\/\/cadetfrancelibre.fr\/wp-content\/uploads\/2016\/11\/CADET_Formation-300x214.jpg 300w, https:\/\/cadetfrancelibre.fr\/wp-content\/uploads\/2016\/11\/CADET_Formation-1024x731.jpg 1024w\" sizes=\"auto, (max-width: 360px) 100vw, 360px\" \/>Pour l&rsquo;instruction de tous les jours, la tenue habituelle est un battle-dress fourni par l&rsquo;Arm\u00e9e Britannique, avec le b\u00e9ret des Chasseurs Alpins ou un casque fran\u00e7ais mod\u00e8le 1939.<\/p>\n<p><a href=\"https:\/\/cadetfrancelibre.fr\/index.php\/formation\/\/une-formation-en-deux-etapes\/\"><img loading=\"lazy\" decoding=\"async\" class=\"alignright wp-image-1393 size-full\" src=\"https:\/\/cadetfrancelibre.fr\/wp-content\/uploads\/2019\/01\/lien_page.jpg\" alt=\"lien_page\" width=\"98\" height=\"54\" \/><\/a><\/p>\n","protected":false},"excerpt":{"rendered":"<p>Lorsqu&rsquo;ils d\u00e9filent en Grande Bretagne, les Cadets portent l&rsquo;uniforme des Chasseurs Alpins avec la fourrag\u00e8re blanche qui caract\u00e9rise des \u00e9l\u00e8ves officiers chez les Britanniques. La photo ci-contre montre un d\u00e9fil\u00e9 \u00e0 Londres le 14 juillet 1943. Un\u00a0dessin de\u00a0Albert BLIN\u00a0 montre &hellip; <a href=\"https:\/\/cadetfrancelibre.fr\/index.php\/formation\/luniforme-des-cadets\/\">Continuer la lecture <span class=\"meta-nav\">&rarr;<\/span><\/a><\/p>\n","protected":false},"author":1,"featured_media":0,"parent":14,"menu_order":30,"comment_status":"closed","ping_status":"closed","template":"","meta":{"footnotes":""},"class_list":["post-809","page","type-page","status-publish","hentry"],"_links":{"self":[{"href":"https:\/\/cadetfrancelibre.fr\/index.php\/wp-json\/wp\/v2\/pages\/809","targetHints":{"allow":["GET"]}}],"collection":[{"href":"https:\/\/cadetfrancelibre.fr\/index.php\/wp-json\/wp\/v2\/pages"}],"about":[{"href":"https:\/\/cadetfrancelibre.fr\/index.php\/wp-json\/wp\/v2\/types\/page"}],"author":[{"embeddable":true,"href":"https:\/\/cadetfrancelibre.fr\/index.php\/wp-json\/wp\/v2\/users\/1"}],"replies":[{"embeddable":true,"href":"https:\/\/cadetfrancelibre.fr\/index.php\/wp-json\/wp\/v2\/comments?post=809"}],"version-history":[{"count":12,"href":"https:\/\/cadetfrancelibre.fr\/index.php\/wp-json\/wp\/v2\/pages\/809\/revisions"}],"predecessor-version":[{"id":1424,"href":"https:\/\/cadetfrancelibre.fr\/index.php\/wp-json\/wp\/v2\/pages\/809\/revisions\/1424"}],"up":[{"embeddable":true,"href":"https:\/\/cadetfrancelibre.fr\/index.php\/wp-json\/wp\/v2\/pages\/14"}],"wp:attachment":[{"href":"https:\/\/cadetfrancelibre.fr\/index.php\/wp-json\/wp\/v2\/media?parent=809"}],"curies":[{"name":"wp","href":"https:\/\/api.w.org\/{rel}","templated":true}]}}