{"id":885,"date":"2017-02-27T21:07:53","date_gmt":"2017-02-27T20:07:53","guid":{"rendered":"http:\/\/cadetfrancelibre.fr\/?page_id=885"},"modified":"2019-01-29T16:53:13","modified_gmt":"2019-01-29T15:53:13","slug":"une-formation-en-deux-etapes","status":"publish","type":"page","link":"https:\/\/cadetfrancelibre.fr\/index.php\/formation\/une-formation-en-deux-etapes\/","title":{"rendered":"Une formation en deux \u00e9tapes"},"content":{"rendered":"<p>La formation des futurs officiers s\u2019effectue au cours de deux sessions de six mois<\/p>\n<p>Pour la premi\u00e8re session, il s\u2019agit d\u2019amener les cadets au niveau du baccalaur\u00e9at s\u00e9rie scientifique.<br \/>\nCela signifie qu\u2019en six mois, ils doivent assimiler le programme de premi\u00e8re et celui de terminale C<br \/>\nMais en m\u00eame temps, il y a un solide programme de pr\u00e9paration physique et militaire.<\/p>\n<p>Un texte du cadet Ralph FIRTH \u2026 qui a termin\u00e9 sa carri\u00e8re comme g\u00e9n\u00e9ral, nous raconte ses premi\u00e8res impressions \u00e0 l\u2019arriv\u00e9e \u00e0 l\u2019\u00e9cole. (<a href=\"https:\/\/cadetfrancelibre.fr\/wp-content\/uploads\/2017\/02\/ASCFL_Formation_Firth.pdf\" target=\"_blank\">lire le texte<\/a>)<br \/>\nIl faisait partie de la promotion Corse et Savoie, et \u00e0 ce titre b\u00e9n\u00e9ficiait d\u2019une organisation d\u00e9j\u00e0 bien r\u00f4d\u00e9e.<\/p>\n<ul>\n<li>Six heures du matin r\u00e9veil au clairon, douche et bref petit d\u00e9jeuner au pas de course<\/li>\n<li>Puis une heure et demie d\u2019entra\u00eenement physique<\/li>\n<li>A huit heures d\u00e9but des cours Math\u00e9matiques, physique, fran\u00e7ais g\u00e9ographie, anglais et allemand<\/li>\n<\/ul>\n<p>En six mois, les cadets absorbent le programme de premi\u00e8re et celui de terminale.<br \/>\nOutre ce programme de scolarit\u00e9 \u00ab\u00a0traditionnelle\u00a0\u00bb, il y a bien s\u00fbr la formation militaire.<br \/>\nL\u2019examen final est bien le passage du baccalaur\u00e9at sous le contr\u00f4le des professeurs du lyc\u00e9e fran\u00e7ais de Londres<\/p>\n<p>La seconde session correspond \u00e0 la formation militaire sup\u00e9rieure avec le souci particulier de pr\u00e9parer les cadets \u00e0 la guerre \u00ab moderne \u00bb &#8211; utilisation et accompagnement des chars, utilisation des armes anti-char, r\u00f4le de l\u2019aviation et des armes anti-a\u00e9riennes et aussi moyens de communications. La formation des fantassins devant int\u00e9grer toutes les nouveaut\u00e9s constat\u00e9es lors des diff\u00e9rentes campagnes de 1939 \u00e0 1943.<br \/>\nD\u00e8s le d\u00e9part, la formation militaire sup\u00e9rieure est assur\u00e9e par des officiers issus de Saint-Cyr.<\/p>\n<p>Le programme de l\u2019examen final est tout \u00e0 fait impressionnant.<br \/>\n(<a href=\"https:\/\/cadetfrancelibre.fr\/wp-content\/uploads\/2017\/02\/ASCFL_Formation_examen.pdf\" target=\"_blank\">demandez le programme<\/a>)<\/p>\n<p>Apr\u00e8s la sortie de l\u2019\u00e9cole, un stage de sp\u00e9cialisation sera suivi par les cadets en fonction de leurs affectations (parachutisme, gu\u00e9rilla et sabotage \u2013 conduite de chars)<\/p>\n<p><a href=\"https:\/\/cadetfrancelibre.fr\/index.php\/laction\/\"><img loading=\"lazy\" decoding=\"async\" class=\"alignright wp-image-1393 size-full\" src=\"https:\/\/cadetfrancelibre.fr\/wp-content\/uploads\/2019\/01\/lien_page.jpg\" alt=\"lien_page\" width=\"98\" height=\"54\" \/><\/a><\/p>\n","protected":false},"excerpt":{"rendered":"<p>La formation des futurs officiers s\u2019effectue au cours de deux sessions de six mois Pour la premi\u00e8re session, il s\u2019agit d\u2019amener les cadets au niveau du baccalaur\u00e9at s\u00e9rie scientifique. Cela signifie qu\u2019en six mois, ils doivent assimiler le programme de &hellip; <a href=\"https:\/\/cadetfrancelibre.fr\/index.php\/formation\/une-formation-en-deux-etapes\/\">Continuer la lecture <span class=\"meta-nav\">&rarr;<\/span><\/a><\/p>\n","protected":false},"author":1,"featured_media":0,"parent":14,"menu_order":32,"comment_status":"closed","ping_status":"closed","template":"","meta":{"footnotes":""},"class_list":["post-885","page","type-page","status-publish","hentry"],"_links":{"self":[{"href":"https:\/\/cadetfrancelibre.fr\/index.php\/wp-json\/wp\/v2\/pages\/885","targetHints":{"allow":["GET"]}}],"collection":[{"href":"https:\/\/cadetfrancelibre.fr\/index.php\/wp-json\/wp\/v2\/pages"}],"about":[{"href":"https:\/\/cadetfrancelibre.fr\/index.php\/wp-json\/wp\/v2\/types\/page"}],"author":[{"embeddable":true,"href":"https:\/\/cadetfrancelibre.fr\/index.php\/wp-json\/wp\/v2\/users\/1"}],"replies":[{"embeddable":true,"href":"https:\/\/cadetfrancelibre.fr\/index.php\/wp-json\/wp\/v2\/comments?post=885"}],"version-history":[{"count":7,"href":"https:\/\/cadetfrancelibre.fr\/index.php\/wp-json\/wp\/v2\/pages\/885\/revisions"}],"predecessor-version":[{"id":1425,"href":"https:\/\/cadetfrancelibre.fr\/index.php\/wp-json\/wp\/v2\/pages\/885\/revisions\/1425"}],"up":[{"embeddable":true,"href":"https:\/\/cadetfrancelibre.fr\/index.php\/wp-json\/wp\/v2\/pages\/14"}],"wp:attachment":[{"href":"https:\/\/cadetfrancelibre.fr\/index.php\/wp-json\/wp\/v2\/media?parent=885"}],"curies":[{"name":"wp","href":"https:\/\/api.w.org\/{rel}","templated":true}]}}