{"id":92,"date":"2016-02-12T14:12:44","date_gmt":"2016-02-12T13:12:44","guid":{"rendered":"http:\/\/cadetfrancelibre.fr\/?page_id=92"},"modified":"2023-09-11T13:53:45","modified_gmt":"2023-09-11T12:53:45","slug":"promotions-saint-cyr","status":"publish","type":"page","link":"https:\/\/cadetfrancelibre.fr\/index.php\/des-modeles\/promotions-saint-cyr\/","title":{"rendered":"Promotions Saint-Cyr et autres \u00e9coles"},"content":{"rendered":"<p>Les Cadets par leur d\u00e9vouement et par leurs sacrifices constituent un mod\u00e8le pour les \u00e9l\u00e8ves des \u00e9coles militaires.<\/p>\n<p>L&rsquo;\u00e9cole des Cadets de la France Libre est assimil\u00e9e \u00e0 l&rsquo;\u00e9cole sp\u00e9ciale militaire de Saint-Cyr (loi du 17 mars 1954)<\/p>\n<p>Plusieurs promotions proposent l&rsquo;\u00e9cole ou les cadets en exemple aux \u00e9l\u00e8ves officiers et sous-officiers<\/p>\n<ul>\n<li>Promotion \u00ab\u00a0Capitaine Claude BARRES\u00a0\u00bb \u00e0 Cherchell en 1961<\/li>\n<li>Promotion EOR 303 \u00ab\u00a0Capitaine BARRES\u00a0\u00bb (1973)<\/li>\n<li>Promotion\u00a0 EOR 605 \u00ab\u00a0Sous-Lieutenant SEITE\u00a0\u00bb (1976)<\/li>\n<li>Promotion EOR 704 \u00ab\u00a0Lieutenant TAYLOR\u00a0\u00bb\u00a0 (1977)<\/li>\n<li>Promotion EOR 904 \u00ab\u00a0Aspirant Jacques CHATENAY\u00a0\u00bb \u00e0 ( 1979) (<a href=\"https:\/\/cadetfrancelibre.fr\/wp-content\/uploads\/2016\/02\/ASCFL_CYR_CHATENAY.pdf\">doc<\/a>) et <a href=\"http:\/\/www.guer-coetquidan-broceliande.fr\/bisto\/coet\/chatenay.html\" target=\"_blank\" rel=\"noopener noreferrer\">lien<\/a><\/li>\n<li>Promotion EOR 403 \u00ab\u00a0Aspirant LE MARINEL\u00a0\u00bb (1984)<\/li>\n<li>Promotion \u00ab\u00a0Cadets de la France Libre\u00a0\u00bb \u00e0 Co\u00ebtquidan (1988) <a href=\"https:\/\/cadetfrancelibre.fr\/wp-content\/uploads\/2023\/09\/MALVERN_1987_Promo_CFL.mpg\" target=\"_blank\" rel=\"noopener noreferrer\">lien<\/a><\/li>\n<li>Promotion \u00ab\u00a0Gustave LESPAGNOL\u00a0\u00bb \u00e0 l&rsquo;\u00e9cole militaire de SAUMUR (1989)<\/li>\n<li>Promotion EOR 90\/02 \u00ab\u00a0Sous-Lieutenant GAULTIER de CARVILLE\u00a0\u00bb (1990) <a href=\"https:\/\/cadetfrancelibre.fr\/wp-content\/uploads\/2016\/02\/ASCFL_KD_DECARVILLE.pdf\">(doc<\/a>)<\/li>\n<li>Promotion EOR 91\/12 \u00ab\u00a0Lieutenant\u00a0 LEROUX\u00a0\u00bb \u00e0 Co\u00ebtquidan \u00a0(1991) <a href=\"https:\/\/cadetfrancelibre.fr\/wp-content\/uploads\/2016\/02\/ASCFL_PROMO_LEROUX__1.pdf\">(doc)<\/a><\/li>\n<li>Promotion 31 \u00ab\u00a0Capitaine Barres\u00a0\u00bb \u00e0 l&rsquo;\u00e9cole interarmes de\u00a0EMIA (1991-1993) (<a href=\"https:\/\/cadetfrancelibre.fr\/wp-content\/uploads\/2016\/03\/ASCFL_CYR_BARRES-1.pdf\">doc<\/a>)<\/li>\n<li>Promotion 261 \u00ab\u00a0Adjudant-Chef Jean TRESCASES\u00a0\u00bb ENSOA(2009) (<a href=\"https:\/\/cadetfrancelibre.fr\/wp-content\/uploads\/2016\/03\/ASCFL_CYR_TRESCASES.pdf\" target=\"_blank\" rel=\"noopener noreferrer\">doc<\/a>)<\/li>\n<\/ul>\n<p><a href=\"https:\/\/cadetfrancelibre.fr\/index.php\/lavenir\/\"><img loading=\"lazy\" decoding=\"async\" class=\"alignright wp-image-1393 size-full\" src=\"https:\/\/cadetfrancelibre.fr\/wp-content\/uploads\/2019\/01\/lien_page.jpg\" alt=\"lien_page\" width=\"98\" height=\"54\" \/><\/a><\/p>\n","protected":false},"excerpt":{"rendered":"<p>Les Cadets par leur d\u00e9vouement et par leurs sacrifices constituent un mod\u00e8le pour les \u00e9l\u00e8ves des \u00e9coles militaires. L&rsquo;\u00e9cole des Cadets de la France Libre est assimil\u00e9e \u00e0 l&rsquo;\u00e9cole sp\u00e9ciale militaire de Saint-Cyr (loi du 17 mars 1954) Plusieurs promotions &hellip; <a href=\"https:\/\/cadetfrancelibre.fr\/index.php\/des-modeles\/promotions-saint-cyr\/\">Continuer la lecture <span class=\"meta-nav\">&rarr;<\/span><\/a><\/p>\n","protected":false},"author":1,"featured_media":0,"parent":22,"menu_order":4,"comment_status":"closed","ping_status":"closed","template":"","meta":{"footnotes":""},"class_list":["post-92","page","type-page","status-publish","hentry"],"_links":{"self":[{"href":"https:\/\/cadetfrancelibre.fr\/index.php\/wp-json\/wp\/v2\/pages\/92","targetHints":{"allow":["GET"]}}],"collection":[{"href":"https:\/\/cadetfrancelibre.fr\/index.php\/wp-json\/wp\/v2\/pages"}],"about":[{"href":"https:\/\/cadetfrancelibre.fr\/index.php\/wp-json\/wp\/v2\/types\/page"}],"author":[{"embeddable":true,"href":"https:\/\/cadetfrancelibre.fr\/index.php\/wp-json\/wp\/v2\/users\/1"}],"replies":[{"embeddable":true,"href":"https:\/\/cadetfrancelibre.fr\/index.php\/wp-json\/wp\/v2\/comments?post=92"}],"version-history":[{"count":16,"href":"https:\/\/cadetfrancelibre.fr\/index.php\/wp-json\/wp\/v2\/pages\/92\/revisions"}],"predecessor-version":[{"id":2915,"href":"https:\/\/cadetfrancelibre.fr\/index.php\/wp-json\/wp\/v2\/pages\/92\/revisions\/2915"}],"up":[{"embeddable":true,"href":"https:\/\/cadetfrancelibre.fr\/index.php\/wp-json\/wp\/v2\/pages\/22"}],"wp:attachment":[{"href":"https:\/\/cadetfrancelibre.fr\/index.php\/wp-json\/wp\/v2\/media?parent=92"}],"curies":[{"name":"wp","href":"https:\/\/api.w.org\/{rel}","templated":true}]}}