{"id":960,"date":"2017-05-01T14:47:57","date_gmt":"2017-05-01T13:47:57","guid":{"rendered":"http:\/\/cadetfrancelibre.fr\/?page_id=960"},"modified":"2019-01-29T11:02:15","modified_gmt":"2019-01-29T10:02:15","slug":"les-cadets-non-promus","status":"publish","type":"page","link":"https:\/\/cadetfrancelibre.fr\/index.php\/formation\/les-cadets-non-promus\/","title":{"rendered":"Les cadets non promus"},"content":{"rendered":"<p>En dehors des \u00e9l\u00e8ves promus Aspirants, l&rsquo;\u00e9cole a compt\u00e9 au nombre de ses \u00e9l\u00e8ves<\/p>\n<ul>\n<li>Ceux qui ont suivi tous les cours mais ont obtenu un r\u00e9sultat insuffisant lors de l&rsquo;examen d&rsquo;acc\u00e8s au grade d&rsquo;Aspirant<\/li>\n<li>Ceux qui ont suivi partiellement les cours puis ont rejoint les forces combattantes avant la date de l&rsquo;examen<\/li>\n<li>Un certain nombre de stagiaires d\u00e9j\u00e0 officiers venant suivre un\u00a0compl\u00e9ment de formation<\/li>\n<li>Ceux qui n&rsquo;ont pas pass\u00e9 les examens pour raisons m\u00e9dicales<\/li>\n<\/ul>\n<p><em>En dehors des stagiaires qui ont fait un passage de 3 mois pour se perfectionner aux techniques d&rsquo;infanterie, on compte ainsi 58 cadets qui participeront aux combats de la lib\u00e9ration comme simple soldats ou comme sous-officiers:<\/em><\/p>\n<ul>\n<li>Ont suivi les cours avec ceux de la promotion lib\u00e9ration :<br \/>\nHerv\u00e9 ALLAIN, <span style=\"text-decoration: underline;\">Jean BOUCLET<\/span>, Ernest CARON, Ren\u00e9 JOIN, Henri PRIGENT, Jean QUENTEL<\/li>\n<li>Ont suivi les cours avec ceux de la promotion Bir-Hakeim :<br \/>\nGilbert BLOCH, Fran\u00e7ois LA CLOCHE de VALLOMBREUSE, Jean-Paul LAVOIX, Christian RICHARD<\/li>\n<li>On suivi les cours avec ceux de la promotion Fezzan-Tunisie :<br \/>\nPierre DUCROS , Jean-Christian FRENEL, Ren\u00e9 HAINAUT, Jean-Pierre LA CLOCHE, <span style=\"text-decoration: underline;\">Georges TORRES<\/span><\/li>\n<li>A suivi les cours avec ceux de la promotion Corse et Savoie<br \/>\nMichel ROYER<\/li>\n<li>On suivi les cours avec ceux de la promotion 18 juin<br \/>\nClaude ALBENOIS, Michel ARCANGUES, Godefroy BLEYNIE, Enzo BONOPERA,<br \/>\nCharles BOSMAN, Jacques BUHAGIAR, Claude CLAVENARD, Pierre CL\u00c9MENT,<br \/>\nAimery COMMINGES, Claude DELAVAUX, <span style=\"text-decoration: underline;\">Jean DIGO<\/span>, Jacques DULAC,<br \/>\nRoger ELMALEH, Pierre FOLLIOT, Bernard FOULQUI\u00c8S, Andr\u00e9 FREDY,<br \/>\nJean GIRAUD-VINET, Claude GOMMEZ-VAEZ, Pierre HERRY, Charles HESSENBRUCH,<br \/>\nAndr\u00e9 HUYBRECHTS, Louis JORE, Jean KLING, Pierre KRIEGEL,<br \/>\nPierre LAVAL, Pierre LE H\u00c9RICY, Roger LEBRUN, Albert MITCHEL,<br \/>\nBernard PRIGL D&rsquo;ONDEL, Pierre REMLINGER , Guy RICHARD, Georges ROCCA-SERRA,<br \/>\nPaul ROEDERER, Frederick SCHURER, Fernand TRIOLET, Christian VELLARD,<br \/>\nAlexandre VEYSSI\u00c8RES, Jean VOLNY-RICHAUD, Paul ZUCKERMANN, G\u00e9rard BAER, Joachim BERTHIER et Raymond LECLERC<\/li>\n<\/ul>\n<p>Parmi ces cadets, Jean Digo a p\u00e9ri durant l&rsquo;instruction \u00e0 Ribbesford, Jean Bouclet et Georges TORRES p\u00e9riront dans les combats de la 2e DB<\/p>\n<p>Les volontaires pr\u00e9sents \u00e0 Brymbach ou \u00e0 Rake-Manor qui ont rejoint une unit\u00e9 combattante avant l&rsquo;installation \u00e0 Malvern ne sont pas \u00e0 proprement parl\u00e9s consid\u00e9r\u00e9s comme des cadets. On peut mentionnera n\u00e9anmoins Robert Colcanap et Quentin Bourgeois, volontaires de la premi\u00e8re heure, pr\u00e9sents \u00e0 Brymbach et Rake-Manor engag\u00e9s tous les deux dans les forces a\u00e9riennes Fran\u00e7aises Libres o\u00f9 ils y ont trouv\u00e9 la mort.<\/p>\n<p>Pour ce qui est des stagiaires, on en compte 26 dont le futur amiral Philippe De Gaulle.<\/p>\n<p>&nbsp;<\/p>\n<p><a href=\"https:\/\/cadetfrancelibre.fr\/index.php\/formation\/les-officiers-qui-ont-assure-linstruction\/\"><img loading=\"lazy\" decoding=\"async\" class=\"alignright wp-image-1393 size-full\" src=\"https:\/\/cadetfrancelibre.fr\/wp-content\/uploads\/2019\/01\/lien_page.jpg\" alt=\"lien_page\" width=\"98\" height=\"54\" \/><\/a><\/p>\n","protected":false},"excerpt":{"rendered":"<p>En dehors des \u00e9l\u00e8ves promus Aspirants, l&rsquo;\u00e9cole a compt\u00e9 au nombre de ses \u00e9l\u00e8ves Ceux qui ont suivi tous les cours mais ont obtenu un r\u00e9sultat insuffisant lors de l&rsquo;examen d&rsquo;acc\u00e8s au grade d&rsquo;Aspirant Ceux qui ont suivi partiellement les &hellip; <a href=\"https:\/\/cadetfrancelibre.fr\/index.php\/formation\/les-cadets-non-promus\/\">Continuer la lecture <span class=\"meta-nav\">&rarr;<\/span><\/a><\/p>\n","protected":false},"author":1,"featured_media":0,"parent":14,"menu_order":16,"comment_status":"closed","ping_status":"closed","template":"","meta":{"footnotes":""},"class_list":["post-960","page","type-page","status-publish","hentry"],"_links":{"self":[{"href":"https:\/\/cadetfrancelibre.fr\/index.php\/wp-json\/wp\/v2\/pages\/960","targetHints":{"allow":["GET"]}}],"collection":[{"href":"https:\/\/cadetfrancelibre.fr\/index.php\/wp-json\/wp\/v2\/pages"}],"about":[{"href":"https:\/\/cadetfrancelibre.fr\/index.php\/wp-json\/wp\/v2\/types\/page"}],"author":[{"embeddable":true,"href":"https:\/\/cadetfrancelibre.fr\/index.php\/wp-json\/wp\/v2\/users\/1"}],"replies":[{"embeddable":true,"href":"https:\/\/cadetfrancelibre.fr\/index.php\/wp-json\/wp\/v2\/comments?post=960"}],"version-history":[{"count":6,"href":"https:\/\/cadetfrancelibre.fr\/index.php\/wp-json\/wp\/v2\/pages\/960\/revisions"}],"predecessor-version":[{"id":1419,"href":"https:\/\/cadetfrancelibre.fr\/index.php\/wp-json\/wp\/v2\/pages\/960\/revisions\/1419"}],"up":[{"embeddable":true,"href":"https:\/\/cadetfrancelibre.fr\/index.php\/wp-json\/wp\/v2\/pages\/14"}],"wp:attachment":[{"href":"https:\/\/cadetfrancelibre.fr\/index.php\/wp-json\/wp\/v2\/media?parent=960"}],"curies":[{"name":"wp","href":"https:\/\/api.w.org\/{rel}","templated":true}]}}